e -4*x + 45 + 7 = 0. Suppose p + 2*a - 1 = 0, 7*p - d*p - 4*a - x = 0. What is the units digit of p?
3
Suppose 3*i = 4*i. Suppose i*c + c = 2. What is the units digit of c?
2
Suppose -p + 3*p + 3*h - 1 = 0, -3*h = 5*p - 7. Suppose -6 = -5*t + p*d, -3*t = -t - 5*d + 6. What is the units digit of t?
2
Let d = -1 - 2. Let n = 1 - d. What is the units digit of n?
4
Let u = -54 - -91. Let l = -20 + u. What is the tens digit of l?
1
Suppose 11*h - 776 = 500. What is the units digit of h?
6
Let z be -4 - -5 - (2 + -6). Suppose -z = -q - 5*r, -r + 1 = 3*q + q. Suppose q = 5*f - 23 - 17. What is the units digit of f?
8
Suppose -3*p + 2*w + 158 = -39, -3*w = 2*p - 140. What is the tens digit of p?
6
Suppose 3*v - 4*v = 0. Suppose 6 = 3*d - u, 8*u - 4*u = v. What is the units digit of d?
2
Suppose 4*j + 50 = 210. What is the units digit of j?
0
Suppose 0 = 4*k + 4. What is the units digit of (-1 - (-17 - 2)) + k?
7
Let h(q) = 3*q**2 - 4*q + 5. What is the units digit of h(-4)?
9
Let s(i) = i**3 + 7*i**2 - 5*i - 17. Let h be s(-7). Let r be (-1)/(-1) - 2*2. What is the units digit of 3 + r + h + -1?
7
Let c = 1 - -5. Suppose -n = 2*n - c. Suppose -2*p + 8 = n*p. What is the units digit of p?
2
Suppose 4*n - 5*s = 80, 5*n - 108 = 3*s - 21. What is the units digit of (n/2 + -1)*2?
3
Suppose -g - 3*g = -24. Suppose c + 125 = g*c. What is the tens digit of c?
2
Suppose 6*s - 418 - 284 = 0. What is the tens digit of s?
1
Suppose -x = 4*x - 295. Let r = -9 + x. What is the tens digit of r?
5
Let r = -10 - -14. Let l be (-4 + 8/2)/2. Suppose r*f - f - 24 = l. What is the units digit of f?
8
Suppose -3*k = -4*k + 60. Suppose -k = -6*u + 2*u. What is the tens digit of u?
1
Let b(i) be the third derivative of -i**6/120 + i**5/12 + i**4/24 + i**3/6 - 4*i**2. What is the units digit of b(3)?
2
What is the tens digit of (-40 + -1)/(28/(-12) + 2)?
2
Let c(n) = -n + 3. Let f be 4 + -2 - 4/2. Let q be c(f). Suppose 2*s - 1 = -j, 4*j - 2*s - q = j. What is the units digit of j?
1
Let o = 13 + 26. What is the tens digit of o?
3
Let n(u) = -8 - u**2 - 6*u + 3*u - 8*u. Suppose 0 = -3*h + 6 - 36. What is the units digit of n(h)?
2
Suppose 5*j + 5 = -0. Let w be 4 + 2 + j*3. Suppose 0 = 2*b + 2, 5*m = w*b + 48 - 10. What is the units digit of m?
7
Let z = -8 - -10. Suppose -d - z*d = -24. What is the units digit of d?
8
Suppose 5*t - 20 - 10 = -3*p, -p + 2 = -t. Suppose -5*u + 5*z + 5 = 0, 3*u - z + 23 = 8*u. Suppose -u*m = -t*m - 6. What is the units digit of m?
6
Let g(y) = y**3 + y**2 - y + 38. Let d be g(0). Suppose 2*r - 14 = d. What is the units digit of r?
6
Let s(n) = n**2. Let o(b) = -b**3 - 6*b**2 - 5*b + 3. Let w be o(-5). What is the units digit of s(w)?
9
Suppose 14*j - 90 = 92. What is the tens digit of j?
1
Let l(j) = -5*j - 1. Let g be l(2). What is the tens digit of 57/2 + g/22?
2
Let c(l) = -54*l + 44. What is the hundreds digit of c(-4)?
2
Let j(k) = -k**3 + 3*k**2 + 6*k - 4. Let b be j(4). Let i = 4 - b. Let h = i + 5. What is the units digit of h?
5
Let u(x) = 2*x**2 - 4*x + 1. Let k be u(5). Suppose 0 = -m - 2*y + 11, -5*y + k = 3*m - y. What is the units digit of m?
9
Let r(i) = -47*i + 3. Let z be r(1). Let a = z + 62. What is the tens digit of a?
1
Let s be (-1)/2*-3*2. What is the units digit of 6*s + -3 - -2?
7
Let f be (4 + -4)*(3 - 2). Suppose f*x - 54 = -2*x. What is the tens digit of x?
2
Let b = 13 - 4. What is the units digit of 78/b*6/4?
3
Suppose s = 5*s - 440. What is the units digit of s?
0
Let q(t) = t. Let j be q(-2). Let z be -1 + 2 + j - -1. Let f = z + 5. What is the units digit of f?
5
Let f = -5 - -6. What is the units digit of (-4)/f*(-51)/12?
7
Let i(w) = w**3 + 6*w**2 + w - 7. What is the units digit of i(-5)?
3
Let c = -9 + 6. Let x(a) be the first derivative of -3*a**2/2 + 2*a - 1. What is the units digit of x(c)?
1
Let u = 274 - 118. What is the units digit of u?
6
Suppose -9 = 3*q + 18. Let f(g) = g + 10. What is the units digit of f(q)?
1
Suppose -4*z + 1 - 13 = 0, -4*z + 38 = 5*q. What is the units digit of q?
0
Suppose -2*t - 2*t = 4. Let i(q) = -15*q + 1. What is the tens digit of i(t)?
1
Suppose 0*y - 5*y - 70 = 0. Suppose -c + 27 = 13. What is the units digit of (-74)/y - 4/c?
5
Let k = -15 + 10. Let q = k - -5. Suppose q = -s + 6. What is the units digit of s?
6
Suppose -61 = -2*w - 23. What is the units digit of w?
9
Suppose 0 + 46 = 2*t. Let h = t - 13. What is the units digit of h?
0
Let o(h) = -h**2 - 8*h - 4. Let q be (6 - 9) + 8/(-2). What is the units digit of o(q)?
3
Suppose -2*y + 5 - 23 = 0. Let z = -5 - y. Suppose -3*k = -z*k + 13. What is the units digit of k?
3
Suppose -5*p + t = -3*t - 469, -278 = -3*p - t. What is the units digit of p?
3
Suppose -4*f + 8 = 0, 3*o + 2*f - 37 = 24. What is the tens digit of o?
1
Suppose 2*w - w = 105. Suppose 6*u = u + w. What is the tens digit of u?
2
Let o(q) = 4*q**3 + 3*q**2 - 3*q - 3. Let v(p) = -28*p**3 - 20*p**2 + 20*p + 20. Let t(i) = -40*o(i) - 6*v(i). Let b = 4 + -3. What is the units digit of t(b)?
8
Suppose 52 = -4*u + 2*s, 2*s - 30 = 2*u - s. What is the units digit of (-3)/u + 139/4?
5
Let o = 36 - -5. What is the tens digit of o?
4
Let y be 1*-26 - (-7 + 8). Let j be y + -2 + 2 + 0. Let i = j - -41. What is the units digit of i?
4
Let q(v) = -v**3 + 9*v**2 - 8*v. Let n be q(8). Suppose n = -2*u - u + 4*i + 51, -5*u = -4*i - 85. What is the tens digit of u?
1
Let p(o) = -10*o + 1. What is the tens digit of p(-6)?
6
Suppose b - 12 = -2*r, -2*b = r - 4*b - 1. What is the units digit of r?
5
Let v(p) = -p**2 + 5*p + 4. Let g be 14/4 - 4/8. What is the units digit of v(g)?
0
Suppose -k = 5*p - 92, -76 = -4*p - 2*k - 0*k. What is the units digit of p/(-27)*3/(-2)?
1
Let h(p) = p + 7. What is the units digit of h(12)?
9
Suppose -5*c + 2*h = -0*h - 46, c - 4 = 3*h. What is the units digit of c?
0
Suppose -2*u + 14 = 6. Let b(p) = 1. Let n(v) = -v**2 + 11. Let l(c) = 6*b(c) - n(c). What is the units digit of l(u)?
1
Let p be (9 - 3)/((-6)/8). Let t be (-18)/(-4)*p/(-3). Suppose 5*g - 10 = -3*z - 1, -4*z = -3*g - t. What is the units digit of z?
3
Suppose -6 = 2*n, -5*n = 3*g - g - 677. What is the units digit of g?
6
Let q = -4 - -4. Suppose q*c + 11 = c. What is the tens digit of c?
1
Let v be (-12)/9*(-9)/3. Suppose -4*x - 4*r - 44 = 0, 3*x + v*r + 24 = -7. Let d(b) = b**3 + 14*b**2 + 13*b + 13. What is the units digit of d(x)?
3
Suppose 7*a = 8*a - 43. What is the tens digit of a?
4
Suppose 0 = 5*q - 5*a - 115, -65 = -0*q - 5*q - 5*a. What is the tens digit of q?
1
Suppose -118 = -2*h - 42. What is the units digit of h?
8
Suppose 0 = -5*g + 22 - 2. Let l = 9 + -5. Suppose -b - 1 - 2 = l*d, -5*b + 33 = -g*d. What is the units digit of b?
5
Suppose -2*u + 11 = s, s + 7*u - 26 = 2*u. Suppose 1 = q - s. Suppose 0 = -2*w - q*f + 31 - 7, 5*f = -2*w + 30. What is the units digit of w?
0
Let w(i) = -i**3 + 3*i - 7. What is the units digit of w(-4)?
5
What is the tens digit of 140/(-8)*14/(-5)?
4
Let z(t) = 4*t**2 + 3*t. Suppose d - 1 = 2*d + m, -5*d + 2*m - 12 = 0. What is the units digit of z(d)?
0
Let d(f) = 10*f. Let g be d(2). Suppose -o - 9 = -4*o, i - g = -o. Suppose -3 + i = 2*k. What is the units digit of k?
7
Let u be (-2)/(-6) - (-22)/6. Suppose 0 = -u*b + 7 + 5. Suppose b = -2*p + 9. What is the units digit of p?
3
Suppose 0 = -5*x + 4 + 21. Suppose x*j + 3*l = 2*j - 9, 0 = 4*j + 5*l + 16. Suppose 0 = -c + 15 + j. What is the units digit of c?
6
Suppose 3*x + 2*x = 0. Suppose 3*j + 4 - 13 = x. What is the units digit of j/((18/(-4))/(-3))?
2
Suppose 0 = 3*b - 15, f - 2*b = 4*f - 37. Let g = f + 7. What is the units digit of g?
6
Suppose 0 = -8*y + 824 - 208. What is the units digit of y?
7
Suppose 3*g = 348 - 75. What is the units digit of g?
1
Suppose 10 - 5 = j. Suppose v = -12 + 37. Suppose j*u - 70 = 4*f, u + f + v = 3*u. What is the tens digit of u?
1
Let b = 2 + 1. Let w = b - -17. Suppose w = h + 3*h. What is the units digit of h?
5
Let d be -1*(0 - 4) - 2. Let w be d*(5/(-2) - -1). What is the units digit of (-8)/w*12/4?
8
Let m = 65 - 42. Let k = m + -8. What is the units digit of k?
5
Suppose 0 = k - 2, 0 = -2*n - k + 113 + 17. What is the tens digit of n?
6
Let u(c) be the second derivative of -5*c**3/6 - 2*c**2 + c. What is the tens digit of u(-